5 (base 8) to base 2.
-1110011011111101
What is -1001111111110001101 (base 2) in base 8?
-1177615
What is 1256db (base 15) in base 12?
364868
What is -3b8ddc (base 15) in base 14?
-548204
Convert -a65776 (base 12) to base 6.
-132113030
Convert -32014223 (base 6) to base 7.
-10644006
124615532 (base 7) to base 10
7987709
Convert 415307 (base 9) to base 11.
15934a
Convert 100121121121 (base 3) to base 2.
101110001101001011
55112300 (base 6) to base 15
226a4c
Convert -122260605 (base 7) to base 9.
-15428220
Convert 230406 (base 8) to base 16.
13106
-36155 (base 12) to base 5
-4312120
What is -1461380 (base 10) in base 3?
-2202020122012
What is -113230110 (base 4) in base 13?
-3522c
111e75 (base 15) to base 11
508606
-3019105 (base 10) to base 13
-81926b
1a2437 (base 13) to base 4
2201220003
Convert -19c7 (base 16) to base 10.
-6599
254120 (base 8) to base 6
1520024
18306117 (base 9) to base 12
3105497
Convert 31208a (base 12) to base 5.
144131134
-111210031203 (base 4) to base 11
-3211497
-1342402 (base 8) to base 12
-162996
What is -3409110 (base 10) in base 15?
-475190
-10333021033 (base 4) to base 10
-1307215
Convert -69b0c3 (base 13) to base 4.
-21210211031
What is 44010266 (base 8) in base 3?
122202200020210
Convert 110101100111111101 (base 2) to base 8.
654775
Convert -61055 (base 11) to base 7.
-521111
What is 6856962 (base 11) in base 16?
b71b7a
-15376521 (base 8) to base 11
-1aa7388
150424003 (base 6) to base 14
5b0b07
14121033 (base 5) to base 6
3035543
Convert 669849 (base 13) to base 3.
11112222001010
Convert -254636 (base 15) to base 8.
-6641630
Convert 257184a (base 13) to base 5.
10444313441
What is -1100010011101101111110 (base 2) in base 4?
-30103231332
What is 110110101111001 (base 2) in base 8?
66571
125044 (base 9) to base 15
17721
-5311782 (base 10) to base 13
-113c988
Convert -132220323022 (base 4) to base 6.
-444052534
Convert -264687 (base 11) to base 16.
-6595d
-12100334444 (base 5) to base 16
-d6c206
9b2116 (base 13) to base 3
20212222010000
What is -455224 (base 6) in base 5?
-2220002
What is ba295 (base 13) in base 15?
69b01
11102102100122 (base 3) to base 9
4372318
What is 451757 (base 8) in base 15?
30309
What is 563640 (base 8) in base 7?
1422003
Convert -878603 (base 11) to base 5.
-324333042
Convert -336681a (base 11) to base 10.
-5894657
Convert -10000111110000011 (base 2) to base 3.
-10112100100
-176313 (base 8) to base 4
-33303023
-23330004 (base 5) to base 3
-101220001222
-2862459 (base 11) to base 5
-2230010321
235757 (base 8) to base 13
2aa76
a8929b (base 12) to base 7
31460513
What is 3102322 (base 11) in base 2?
10100111001100101111111
Convert 1001100011100100111000 (base 2) to base 4.
21203210320
-1502334 (base 6) to base 10
-86098
Convert 121212022002 (base 3) to base 10.
331913
What is 240011120 (base 5) in base 2?
100001011001110000111
What is -bbcb34 (base 14) in base 12?
-2174636
Convert 1011100010101011011 (base 2) to base 8.
1342533
What is -200635 (base 9) in base 5?
-12243431
20012210200 (base 3) to base 13
438ab
What is -44154553 (base 6) in base 8?
-5025345
Convert -543717 (base 11) to base 7.
-10245405
-121101210112 (base 3) to base 5
-40312144
What is -21000022120002 (base 3) in base 14?
-6cddc2
37346 (base 13) to base 2
11000110011111011
-1275074 (base 8) to base 4
-1113220330
-2266303 (base 9) to base 8
-4530406
What is 21440202 (base 6) in base 14?
12a40a
Convert -1111011010010101001010 (base 2) to base 4.
-33122111022
What is -bc4a14 (base 14) in base 10?
-6390010
What is -200011202033 (base 4) in base 5?
-4123130104
11606535 (base 8) to base 9
4730654
What is 1100210010220211 (base 3) in base 12?
6668664
What is -10202012121020 (base 3) in base 7?
-22634526
Convert 7875 (base 16) to base 3.
1120022010
Convert -20020222201 (base 3) to base 4.
-132010321
What is -341834 (base 9) in base 3?
-101101221011
Convert 1323001403 (base 5) to base 16.
32c961
Convert -101101111111100110 (base 2) to base 6.
-4012102
Convert ac475 (base 13) to base 3.
120220000012
Convert -11111110111000011 (base 2) to base 7.
-1052315
What is 1489772 (base 15) in base 5?
12301141212
Convert -201322333133 (base 4) to base 12.
-2b8a07b
What is -965ab3 (base 15) in base 13?
-1637a78
Convert 2572156 (base 9) to base 2.
101010111001011001100
-120414 (base 10) to base 11
-82518
-46464 (base 13) to base 4
-133102320
What is 4118408 (base 10) in base 7?
50002010
Convert 2c659 (base 15) to base 16.
22f50
Convert 1880ac (base 13) to base 2.
10010110110000011011
What is 686724 (base 11) in base 9?
2044308
What is b28a8 (base 12) in base 16?
38d80
-24342142 (base 6) to base 2
-10111101010101001110
223223000 (base 4) to base 2
101011101011000000
What is -12100012000 (base 3) in base 8?
-315227
Convert 17a8c7 (base 14) to base 9.
1513588
Convert 466030 (base 7) to base 8.
243401
What is -616a6 (base 11) in base 12?
-44117
What is 1650314 (base 7) in base 4?
320103332
-56236 (base 12) to base 3
-12210220020
What is -1002110210010 (base 3) in base 7?
-4634220
Convert 796977 (base 10) to base 11.
4a4865
What is -21611544 (base 7) in base 4?
-13020030312
-67992a (base 11) to base 12
-442119
What is 286a06a (base 11) in base 15?
67685c
4c11bd (base 15) to base 8
15726412
What is 14278 (base 11) in base 16?
4f44
What is -21000021222112 (base 3) in base 6?
-211505322
Convert -311278 (base 9) to base 8.
-550536
What is -adc50d (base 15) in base 10?
-8293513
Convert 15552331 (base 7) to base 6.
52200351
Convert -3968316 (base 10) to base 5.
-2003441231
-c199e (base 15) to base 16
-95ab9
145005 (base 8) to base 10
51717
-1104242000 (base 5) to base 9
-4481081
-121452411 (base 6) to base 10
-2324311
Convert 421423 (base 6) to base 16.
8517
Convert -6143a (base 16) to base 7.
-3246333
275960 (base 10) to base 14
727d6
Convert -10011110001111101100 (base 2) to base 14.
-12c300
Convert 201313 (base 9) to base 12.
58ab6
-134807 (base 9) to base 6
-1433011
What is 2510145 (base 8) in base 12?
294799
What is 266557 (base 9) in base 11?
100a31
What is 20c67e (base 16) in base 14?
3dcb02
Convert 9753b2 (base 15) to base 4.
123133121003
Convert -1958923 (base 14) to base 15.
-11891be
What is -40403363 (base 7) in base 4?
-30310330331
What is -c33db (base 14) in base 8?
-1625765
cbaf1 (base 16) to base 5
203144124
What is 23179c (base 16) in base 7?
25355653
Convert -1221434003 (base 5) to base 6.
-142335424
332421 (base 9) to base 15
3dcc1
What is -6678a (base 11) in base 8?
-275011
Convert 520121 (base 9) to base 16.
4b4f3
What is 33a86 (base 13) in base 16?
16f7a
Convert c411 (base 14) to base 7.
200221
Convert -105253 (base 6) to base 13.
-4104
What is -110110021 (base 3) in base 15?
-2a54
-2e7ae (base 15) to base 11
-a2971
What is 12211101100202 (base 3) in base 9?
5741322
Convert -664b23 (base 13) to base 15.
-329035
Convert 102000100220 (base 3) to base 16.
34ecc
Convert -326350 (base 9) to base 13.
-6a959
4d4543 (base 16) to base 2
10011010100010101000011
-2ad1c8 (base 14) to base 7
-15500041
121021200 (base 3) to base 12
6a53
-986990 (base 11) to base 9
-2861475
Convert 6265164 (base 9) to base 15.
462864
Convert -3b2f5 (base 16) to base 2.
-111011001011110101
426354 (base 7) to base 3
10202212220
Convert -1000100100110001101 (base 2) to base 16.
-4498d
Convert bbc04 (base 13) to base 12.
144b82
-15633223 (base 8) to base 12
-1266017
What is -200022101111212 (base 3) in base 5?
-4442343231
What is -100a673 (base 16) in base 5?
-13301213302
Convert 112323302 (base 4) to base 16.
16ef2
What is -29175 (base 11) in base 8?
-120770
What is -135a6a (base 11) in base 5?
-23303130
What is -d2d410 (base 16) in base 4?
-310231100100
What is 27413433 (base 8) in base 10?
6166299
What is -91969 (base 12) in base 10?
-189729
Convert 1097696 (base 11) to base 8.
7231206
33222553 (base 6) to base 3
1212201202220
7a14661 (base 11) to base 2
110101100001110101000011
-221201302 (base 4) to base 15
-355ed
-53b3ce (base 16) to base 13
-11a0a8c
273378 (base 11) to base 15
871c0
Convert -955837 (base 12) to base 5.
-1100244003
-2301a73 (base 11) to base 7
-46150024
What is 11100100111100100001 (base 2) in base 16?
e4f21
d1be (base 16) to base 8
150676
22c07 (base 14) to base 10
84679
What is -2244903 (base 11) in base 9?
-7350203
551419 (base 11) to base 5
21